e 5, what is 42 + 1322321?
1322413
In base 8, what is -167222227 + 23?
-167222204
In base 15, what is 4ba53 + -81?
4b9c2
In base 15, what is -5 + 157a14?
157a0e
In base 10, what is 3 - 78818058?
-78818055
In base 16, what is 0 + 28c913?
28c913
In base 4, what is 11 + -300320321200?
-300320321123
In base 8, what is -1122 - -505337?
504215
In base 4, what is 30 + 100200233301?
100200233331
In base 3, what is 11 - -2012011122011?
2012011122022
In base 15, what is -70028be - 5?
-70028c4
In base 5, what is -342142 + -331?
-343023
In base 3, what is -11012011 - -100020200?
12001112
In base 6, what is -21445 + -51005?
-112454
In base 13, what is 2 + -23bc087?
-23bc085
In base 2, what is -11010111000111 + -1011100110000?
-100110011110111
In base 11, what is 375088 + 5?
375092
In base 13, what is 1079c9 - -38b?
108087
In base 2, what is -10100100001110010110000 + 10?
-10100100001110010101110
In base 6, what is 1322522 + 220?
1323142
In base 12, what is -17818 - -71?
-17767
In base 9, what is -2522 - 366516?
-370138
In base 13, what is -1677 + 157?
-1520
In base 13, what is 10714 + 44c?
10b63
In base 16, what is 1 + 5165fa?
5165fb
In base 2, what is 1110000001111000110110111010 + -10?
1110000001111000110110111000
In base 9, what is -1034 + 506720?
505675
In base 5, what is -11032110 + 34?
-11032021
In base 12, what is 3 + 3784a48?
3784a4b
In base 11, what is -3 - 3a6937?
-3a693a
In base 7, what is 3 - -3633423422?
3633423425
In base 15, what is -b0c0 + -1063a?
-1b70a
In base 13, what is -87 + -1a680?
-1a737
In base 3, what is 1002222202 + -200211?
1002021221
In base 5, what is -42212201 - 41?
-42212242
In base 12, what is 12941 - -1075?
139b6
In base 6, what is 54 + 314530244?
314530342
In base 9, what is 2261 + -800?
1361
In base 3, what is -12 - 2111120222211?
-2111121000000
In base 13, what is 2a - -214c9c?
214cc9
In base 15, what is -8b + -a785?
-a821
In base 5, what is 110223444121 - -4?
110223444130
In base 7, what is 26050431 - -34?
26050465
In base 11, what is 692248 + 2?
69224a
In base 6, what is -3 + 1350522?
1350515
In base 6, what is 1 - -25045151?
25045152
In base 7, what is 10300 - 2353112?
-2342512
In base 10, what is 270126 - 411?
269715
In base 16, what is -4 - 275da2e?
-275da32
In base 4, what is 10 - -3232131203031?
3232131203101
In base 4, what is -3 + -1022232020231?
-1022232020300
In base 9, what is -521136 + -38?
-521175
In base 3, what is -1020211112 + 1220000?
-1011221112
In base 8, what is -1023 + -2066?
-3111
In base 3, what is -2 - -211111012020020?
211111012020011
In base 7, what is -46412056 - -5?
-46412051
In base 4, what is -1311122001202 + -11?
-1311122001213
In base 11, what is 19 + 79851?
7986a
In base 5, what is -110442030 - -101?
-110441424
In base 10, what is -2375861 + -9?
-2375870
In base 12, what is 1739 + 34a25?
36562
In base 7, what is 116535335 - 66?
116535236
In base 3, what is 21121221011022 + 10?
21121221011102
In base 5, what is -10 + -34313440300?
-34313440310
In base 16, what is a8 + -34f0?
-3448
In base 16, what is 2e3f291 + -2?
2e3f28f
In base 4, what is -31131231 - -11222?
-31120003
In base 9, what is 1 + -2820164?
-2820163
In base 3, what is 2 - -1010212110020?
1010212110022
In base 2, what is -1 + -101001001000011000000?
-101001001000011000001
In base 2, what is -101110011 - -1110000100101100?
1101111110111001
In base 2, what is -1101111 + 1001000011001000?
1001000001011001
In base 16, what is 13e7eeb - -2?
13e7eed
In base 16, what is 85 + 933c2?
93447
In base 9, what is 1088663354 + -1?
1088663353
In base 7, what is 0 - 21035053?
-21035053
In base 8, what is 250103004 - -5?
250103011
In base 4, what is -110 + 10011001123?
10011001013
In base 12, what is -1044406a9 + -5?
-1044406b2
In base 6, what is -20 + 311223312?
311223252
In base 5, what is 31033333 - 30130?
31003203
In base 3, what is 12 + 100221222021222201?
100221222021222220
In base 7, what is -6262 - 1440466?
-1450061
In base 10, what is 27069429 + 1?
27069430
In base 6, what is -2 + -11214401?
-11214403
In base 8, what is 6427265 + -5?
6427260
In base 6, what is -13021225 + -51?
-13021320
In base 10, what is -61 - -302753?
302692
In base 14, what is 2 - -59739dc?
5973a00
In base 9, what is 1403 + 2510?
4013
In base 12, what is 38 + 8082627?
8082663
In base 6, what is -1355 + -134?
-1533
In base 5, what is 313024221 - -1000?
313030221
In base 13, what is 1 - 233a84c?
-233a84b
In base 14, what is -16995a - -13?
-169947
In base 3, what is -210012012202 - -101102?
-210011211100
In base 6, what is 110030 + 532?
111002
In base 8, what is -4 - -3257516230?
3257516224
In base 11, what is -26858 + -18009?
-43866
In base 13, what is -a1 - -68187?
680b6
In base 8, what is -25133736 - -254?
-25133462
In base 7, what is 3 + -5623134624?
-5623134621
In base 12, what is -41405 + -66?
-4146b
In base 10, what is -112747 + 112?
-112635
In base 15, what is 19a8 + 21b?
1bc4
In base 13, what is 1a532 - 146?
1a3b9
In base 10, what is 1 - 5916019?
-5916018
In base 8, what is -160602 + 15250?
-143332
In base 16, what is -4e100e + -7?
-4e1015
In base 9, what is 5126 - 2404?
2622
In base 4, what is -10 + 123302000302?
123302000232
In base 5, what is 1 + 130310012222?
130310012223
In base 3, what is -10210202 + -220002020?
-1000212222
In base 13, what is -26825ca + -4?
-2682601
In base 10, what is -30 - 17190?
-17220
In base 9, what is 18644 + -15566?
3067
In base 2, what is -11100000010010111111 - 10011?
-11100000010011010010
In base 16, what is -f - 2d43ea?
-2d43f9
In base 15, what is 93b4b + 269?
93db5
In base 5, what is -1313 + -340403113?
-340404431
In base 4, what is -1122223131 - 3112?
-1122232303
In base 9, what is 373 + 14830?
15313
In base 10, what is -3413657 - 8?
-3413665
In base 16, what is -5414 - cb?
-54df
In base 4, what is 20230022033 - -10?
20230022103
In base 5, what is 2441002 - -1304?
2442311
In base 3, what is 0 + 122101010202100?
122101010202100
In base 15, what is 1dc1c887 + -4?
1dc1c883
In base 6, what is -4 - -23051051024?
23051051020
In base 11, what is -1a08690 - -78?
-1a08613
In base 4, what is -2 - 332312230232?
-332312230300
In base 6, what is -2 + -22423111?
-22423113
In base 10, what is 247215 + -80?
247135
In base 9, what is -32154030 + 4?
-32154025
In base 5, what is 20032 - -104021?
124103
In base 12, what is -2a899b + 35?
-2a8966
In base 7, what is 4 + -602515000?
-602514663
In base 10, what is -7208126 - -8?
-7208118
In base 12, what is 3 - 442118?
-442115
In base 8, what is 16 - -135215000?
135215016
In base 8, what is -241315112 + -1?
-241315113
In base 7, what is 16031652 - -66?
16032051
In base 13, what is -93 + -c19c?
-c262
In base 11, what is 73a6a + -4a6a?
6a000
In base 10, what is -5672 - -12745?
7073
In base 3, what is -10020100022221 + -102?
-10020100100100
In base 5, what is -20200234 - 22?
-20200311
In base 13, what is 37 + 86a17?
86a51
In base 16, what is -c5a85 - -22?
-c5a63
In base 3, what is -11220020201 - -2100000?
-11210220201
In base 14, what is 20 + -16d569?
-16d549
In base 5, what is 43 - 1120403140?
-1120403042
In base 16, what is 509d6 - -9f?
50a75
In base 6, what is 3432502 + 133?
3433035
In base 13, what is 1175c + -252?
1150a
In base 13, what is -237b0768 + -2?
-237b076a
In base 5, what is 11 + -1111340130?
-1111340114
In base 5, what is -1041422220 + -3?
-1041422223
In base 13, what is 2 - -2c6bb8?
2c6bba
In base 4, what is -100331 + 13112110?
13011113
In base 8, what is 64266570 - 5?
64266563
In base 13, what is -30c9503 - 5?
-30c9508
In base 11, what is 85 - 1182032?
-1181a58
In base 5, what is -1 - 23113104322?
-23113104323
In base 6, what is 1 + -21233250125?
-21233250124
In base 10, what is -52946 + 439?
-52507
In base 12, what is -12137 - 1ba?
-12335
In base 15, what is -b + a183e8?
a183dc
In base 11, what is -1076 + 15424?
14359
In base 10, what is 74 - -397108?
397182
In base 6, what is 2304440 + -50?
2304350
In base 5, what is 304 + 4244343?
4300202
In base 9, what is -16103 + 2078?
-14014
In base 16, what is -197 - -a4a7a?
a48e3
In base 7, what is -5104516 - -55?
-5104431
In base 2, what is 10001101 + 11001010011000100100?
11001010011010110001
In base 12, what is -1 - 15433ba?
-15433bb
In base 9, what is 30225508 - 27?
30225471
In base 3, what is 1100022201221120 + -210?
110002220122021